{"id":711,"date":"2020-07-06T15:08:25","date_gmt":"2020-07-06T15:08:25","guid":{"rendered":"http:\/\/ny.foodismore.com\/?page_id=711"},"modified":"2020-11-07T15:34:00","modified_gmt":"2020-11-07T15:34:00","slug":"velkommen","status":"publish","type":"page","link":"http:\/\/foodismore.com\/","title":{"rendered":"VELKOMMEN"},"content":{"rendered":"\n<div class=\"wp-container-3 wp-block-columns has-2-columns\">\n<div class=\"wp-container-1 wp-block-column\">\n<p><strong><a href=\"http:\/\/foodismore.com\/index.php\/om-os\/\">FOOD.IS.MORE<\/a><\/strong><a href=\"http:\/\/foodismore.com\/index.php\/om-os\/\"> <\/a>er et dansk agentur, hvis opgave er at introducere kvalitets-produkter til det danske detailmarked.<\/p>\n\n\n\n<p><strong><a href=\"http:\/\/foodismore.com\/index.php\/kontakt\/\">KONTAKT OS<\/a><\/strong> og lad os finde den bedste l\u00f8sning i f\u00e6lleskab.<\/p>\n<\/div>\n\n\n\n<div class=\"wp-container-2 wp-block-column\">\n<p><strong><font style=\"vertical-align: inherit;\"><font style=\"vertical-align: inherit;\"><a href=\"http:\/\/foodismore.com\/index.php\/ydelser\/\">YOUR BRAN<\/a><\/font><\/font><a href=\"http:\/\/ny.foodismore.com\/index.php\/ydelser\/\"><font style=\"vertical-align: inherit;\"><font style=\"vertical-align: inherit;\">D<\/font><\/font><\/a><\/strong><font style=\"vertical-align: inherit;\"><font style=\"vertical-align: inherit;\"> &#8211; vi introducerer dit produkt og<\/font><\/font> dit brand for detailhandlen<\/p>\n\n\n\n<p><strong><a href=\"http:\/\/foodismore.com\/index.php\/ydelser\/\">PRIVATE LABEL<\/a><\/strong><a href=\"http:\/\/foodismore.com\/index.php\/ydelser\/\"> <\/a>&#8211; vi hj\u00e6lper din virksomhed med at oprette private label &#8211; med alt hvad det indeb\u00e6rer &#8211; f.eks. ogs\u00e5 emballagedesign.<\/p>\n<\/div>\n<\/div>\n","protected":false},"excerpt":{"rendered":"<p>FOOD.IS.MORE er et dansk agentur, hvis opgave er at introducere kvalitets-produkter til det danske detailmarked. KONTAKT OS og lad os finde den bedste l\u00f8sning i f\u00e6lleskab. YOUR BRAND &#8211; vi introducerer dit produkt og dit brand for detailhandlen PRIVATE LABEL &#8211; vi hj\u00e6lper din virksomhed med at oprette private label &#8211; med alt hvad det indeb\u00e6rer &#8211; f.eks. ogs\u00e5 emballagedesign.<\/p>\n","protected":false},"author":1,"featured_media":0,"parent":0,"menu_order":0,"comment_status":"closed","ping_status":"closed","template":"","meta":[],"_links":{"self":[{"href":"http:\/\/foodismore.com\/index.php\/wp-json\/wp\/v2\/pages\/711"}],"collection":[{"href":"http:\/\/foodismore.com\/index.php\/wp-json\/wp\/v2\/pages"}],"about":[{"href":"http:\/\/foodismore.com\/index.php\/wp-json\/wp\/v2\/types\/page"}],"author":[{"embeddable":true,"href":"http:\/\/foodismore.com\/index.php\/wp-json\/wp\/v2\/users\/1"}],"replies":[{"embeddable":true,"href":"http:\/\/foodismore.com\/index.php\/wp-json\/wp\/v2\/comments?post=711"}],"version-history":[{"count":30,"href":"http:\/\/foodismore.com\/index.php\/wp-json\/wp\/v2\/pages\/711\/revisions"}],"predecessor-version":[{"id":1284,"href":"http:\/\/foodismore.com\/index.php\/wp-json\/wp\/v2\/pages\/711\/revisions\/1284"}],"wp:attachment":[{"href":"http:\/\/foodismore.com\/index.php\/wp-json\/wp\/v2\/media?parent=711"}],"curies":[{"name":"wp","href":"https:\/\/api.w.org\/{rel}","templated":true}]}}